ase 14
-4b
Convert -1 (base 15) to base 5.
-1
98 (base 13) to base 6
325
What is -1 (base 6) in base 5?
-1
Convert 3 (base 12) to base 9.
3
1 (base 7) to base 8
1
What is 1 (base 15) in base 6?
1
Convert -302 (base 5) to base 4.
-1031
-1001 (base 2) to base 15
-9
1 (base 7) to base 6
1
Convert -97 (base 12) to base 5.
-430
13 (base 16) to base 4
103
What is 167 (base 11) in base 2?
11000010
-2 (base 5) to base 10
-2
What is 223 (base 4) in base 3?
1121
-29 (base 12) to base 11
-30
9 (base 15) to base 4
21
-20 (base 14) to base 8
-34
What is -103 (base 5) in base 4?
-130
6 (base 16) to base 8
6
Convert -6 (base 15) to base 9.
-6
What is 101 (base 2) in base 8?
5
Convert 43 (base 5) to base 14.
19
Convert -162 (base 12) to base 16.
-da
10 (base 15) to base 13
12
-44 (base 7) to base 16
-20
What is -3 (base 5) in base 8?
-3
What is -111 (base 12) in base 13?
-c1
What is -110 (base 3) in base 2?
-1100
What is 10222 (base 3) in base 16?
6b
What is -31 (base 7) in base 10?
-22
Convert 2 (base 11) to base 4.
2
-4 (base 9) to base 4
-10
24 (base 5) to base 12
12
What is 2 (base 15) in base 9?
2
Convert -3 (base 13) to base 2.
-11
What is -5 (base 9) in base 3?
-12
What is -1 (base 10) in base 11?
-1
Convert 2001 (base 4) to base 10.
129
What is -1 (base 11) in base 16?
-1
Convert -141 (base 5) to base 2.
-101110
Convert 54 (base 6) to base 5.
114
What is -4 (base 11) in base 12?
-4
5 (base 11) to base 16
5
What is -1000 (base 5) in base 16?
-7d
What is -2 (base 16) in base 15?
-2
-12222 (base 3) to base 16
-a1
10 (base 8) to base 4
20
What is -110 (base 5) in base 14?
-22
What is 74 (base 9) in base 4?
1003
4 (base 11) to base 7
4
Convert -100100 (base 2) to base 10.
-36
12 (base 14) to base 5
31
Convert 66 (base 9) to base 2.
111100
-40 (base 8) to base 16
-20
c (base 14) to base 15
c
553 (base 6) to base 11
184
0 (base 11) to base 8
0
Convert -21 (base 9) to base 3.
-201
What is -143 (base 7) in base 11?
-73
What is -7 (base 11) in base 9?
-7
0 (base 12) to base 14
0
Convert 1b (base 15) to base 11.
24
Convert -211 (base 11) to base 9.
-312
Convert b (base 15) to base 13.
b
0 (base 5) to base 10
0
-1 (base 10) to base 2
-1
Convert 0 (base 9) to base 14.
0
Convert 20 (base 8) to base 5.
31
62 (base 13) to base 11
73
What is 2 (base 6) in base 14?
2
-1 (base 13) to base 5
-1
Convert -3 (base 16) to base 4.
-3
Convert -1a (base 12) to base 15.
-17
Convert 1 (base 10) to base 7.
1
Convert -34 (base 5) to base 10.
-19
43 (base 9) to base 7
54
-1110010 (base 2) to base 14
-82
2 (base 9) to base 15
2
Convert -1223 (base 5) to base 16.
-bc
-10 (base 6) to base 14
-6
Convert 4 (base 8) to base 15.
4
55 (base 14) to base 6
203
Convert 14 (base 5) to base 8.
11
Convert 12011 (base 3) to base 11.
117
-40 (base 8) to base 3
-1012
What is 2 (base 8) in base 12?
2
What is 3012 (base 4) in base 12?
146
What is 10101001 (base 2) in base 10?
169
What is -41 (base 10) in base 9?
-45
0 (base 11) to base 14
0
What is 7 (base 13) in base 16?
7
Convert -22 (base 14) to base 8.
-36
What is 10000 (base 2) in base 4?
100
-21 (base 11) to base 3
-212
Convert -23 (base 9) to base 13.
-18
What is -4 (base 12) in base 5?
-4
-26 (base 11) to base 10
-28
46 (base 8) to base 13
2c
Convert 317 (base 10) to base 15.
162
Convert 6 (base 16) to base 13.
6
What is -1 (base 7) in base 10?
-1
What is 100 (base 3) in base 4?
21
What is 11 (base 16) in base 5?
32
What is 0 (base 4) in base 15?
0
What is -35 (base 9) in base 2?
-100000
-141 (base 13) to base 11
-192
What is -1 (base 15) in base 7?
-1
-3 (base 13) to base 9
-3
What is -131 (base 4) in base 3?
-1002
-4 (base 9) to base 15
-4
1 (base 16) to base 11
1
What is 16 (base 14) in base 7?
26
Convert -1 (base 14) to base 6.
-1
What is -15a (base 12) in base 15?
-e4
Convert -1 (base 5) to base 12.
-1
What is 5 (base 13) in base 4?
11
Convert 53 (base 14) to base 4.
1021
Convert 52 (base 7) to base 15.
27
What is -27 (base 14) in base 13?
-29
22 (base 10) to base 2
10110
-8 (base 13) to base 15
-8
Convert 103 (base 4) to base 12.
17
What is 3 (base 6) in base 13?
3
Convert 102022 (base 3) to base 16.
131
-101 (base 3) to base 8
-12
What is 10 (base 2) in base 4?
2
-66 (base 8) to base 11
-4a
-3 (base 11) to base 8
-3
48 (base 13) to base 2
111100
Convert -2122 (base 3) to base 2.
-1000111
Convert -31 (base 16) to base 2.
-110001
What is 101010 (base 2) in base 9?
46
What is 150 (base 6) in base 14?
4a
What is -1e (base 16) in base 11?
-28
What is 55 (base 9) in base 11?
46
What is 43 (base 12) in base 9?
56
20011 (base 3) to base 6
434
What is 30 (base 9) in base 4?
123
Convert 11 (base 5) to base 11.
6
Convert 2 (base 13) to base 9.
2
What is 0 (base 11) in base 7?
0
0 (base 11) to base 8
0
10 (base 13) to base 7
16
Convert -36 (base 13) to base 2.
-101101
Convert 1 (base 2) to base 8.
1
Convert -225 (base 6) to base 7.
-155
What is -1 (base 4) in base 5?
-1
Convert 1002 (base 3) to base 8.
35
1 (base 16) to base 11
1
Convert 0 (base 9) to base 12.
0
-4 (base 9) to base 11
-4
Convert -6 (base 13) to base 5.
-11
35 (base 7) to base 14
1c
Convert 5 (base 11) to base 3.
12
0 (base 16) to base 6
0
-11110101 (base 2) to base 11
-203
Convert 2 (base 14) to base 8.
2
a (base 15) to base 16
a
1 (base 14) to base 10
1
What is -a6 (base 12) in base 13?
-99
Convert 0 (base 6) to base 9.
0
-39 (base 16) to base 4
-321
Convert -6 (base 16) to base 4.
-12
What is 36 (base 9) in base 4?
201
Convert -16 (base 16) to base 2.
-10110
11 (base 12) to base 8
15
What is -1 (base 3) in base 4?
-1
20 (base 5) to base 14
a
What is 1 (base 7) in base 3?
1
24 (base 12) to base 6
44
Convert -84 (base 16) to base 9.
-156
Convert -5 (base 15) to base 3.
-12
Convert 111 (base 3) to base 6.
21
Convert 10012 (base 3) to base 11.
79
What is -13 (base 4) in base 6?
-11
Convert -10100 (base 4) to base 12.
-1a8
What is -38 (base 11) in base 4?
-221
Convert 11 (base 9) to base 16.
a
1 (base 3) to base 4
1
7 (base 16) to base 7
10
What is 244 (base 6) in base 3?
10201
What is -22 (base 8) in base 4?
-102
Convert -234 (base 8) to base 6.
-420
What is -1 (base 14) in base 5?
-1
What is 110 (base 5) in base 13?
24
What is 171 (base 16) in base 2?
101110001
What is 101 (base 5) in base 10?
26
-1101001 (base 2) to base 3
-10220
What is 4 (base 13) in base 10?
4
Convert 5 (base 13) to base 2.
101
Convert -a3 (base 11) to base 6.
-305
Convert -4 (base 12) to base 6.
-4
Convert 0 (base 15) to base 2.
0
What is 44 (base 6) in base 7?
40
0 (base 2) to base 13
0
What is -40 (base 5) in base 14?
-16
1000 (base 2) to base 15
8
Convert 3 (base 6) to base 3.
10
Convert 35 (base 15) to base 11.
46
Convert -2 (base 15) to base 11.
-2
Convert -8 (base 11) to base 7.
-11
Convert 20 (base 4) to base 14.
8
Convert 11000 (base 2) to base 3.
220
Convert 46 (base 8) to base 10.
38
10010 (base 2) to base 8
22
What is -5 (base 10) in base 8?
-5
Convert 7 (base 13) to base 5.
12
-4 (base 9) to base 5
-4
19 (base 10) to base 16
13
What is 84 (base 15) in base 13?
97
What is -99 (base 11) in base 10?
-108
Convert 1a (base 13) to base 11.
21
What is 8 (base 13) in base 8?
10
What is 1a9 (base 14) in base 12?
249
-26 (base 14) to base 8
-42
2 (base 13) to base 4
2
Convert -2 (base 5) to base 12.
-2
What is -98 (base 10) in base 4?
-1202
Convert -2 (base 6) to base 12.
-2
What is 12 (base 14) in base 7?
22
What is 2 (base 4) in base 6?
2
What is 35 (base 10) in base 12?
2b
What is 235 (base 7) in base 3?
11121
-4 (base 15) to base 9
-4
221 (base 3) to base 12
21
Convert c (base 14) to base 13.
c
-a (base 15) to base 7
-13
2 (base 6) to base 3
2
Convert 2e (base 15) to base 16.
2c
What is -9 (base 10) in base 6?
-13
17 (base 15) to base 9
24
Convert -10103 (base 4) to base 6.
-1135
Convert 74 (base 8) to base 5.
220
141 (base 7) to base 16
4e
0 (base 6) to base 13
0
What is 7 (base 13) in base 11?
7
Convert -20 (base 6) to base 12.
-10
Convert -207 (base 10) to base 13.
-12c
What is 4 (base 8) in base 16?
4
Convert -216 (base 12) to base 14.
-17c
What is 2 (base 10) in base 15?
2
-30 (base 13) to base 14
-2b
What is 1110 (base 3) in base 6?
103
-11010 (base 3) to base 6
-303
Convert 10 (base 4) to base 3.
11
3a (base 13) to base 9
54
What is -42 (base 11) in base 8?
-56
-1100 (base 3) to base 8
-44
Wha